digit of l?
8
Let i(d) = 129 + 2*d + 96 + 2*d + 62. What is the hundreds digit of i(55)?
5
Let p = 2158 + -2154. Suppose b + 20 = -2*b + 4*n, -2*n = -4*b - 10. Suppose 4*i = 3*l - l + 554, i - p*l - 135 = b. What is the units digit of i?
9
Let c be 4/10 - 16/(-10). Suppose -375 = -3*f + 253 + 632. Suppose -3*z + c*g = -333 - f, -g + 753 = 3*z. What is the hundreds digit of z?
2
Let y = 2009 - 3377. Let x = y + 2162. What is the units digit of x?
4
Suppose -2*h - 14639 = -z, h - 29272 = -2*z - h. What is the units digit of z?
7
Suppose -2*s - 1 = -3*r, -11 - 12 = -5*r - 2*s. Let l be 676/13 + r/1. Suppose c - l = -2*i - 0*i, 4*i = 2*c - 142. What is the units digit of c?
3
Let f = 73999 + -3737. What is the thousands digit of f?
0
Suppose -3*h - j = -5*h - 77, 0 = -2*h - 2*j - 86. What is the units digit of (h/18 - -2) + 465/27?
7
Let v = 54652 + 10700. What is the hundreds digit of v?
3
Let h = 74 + -71. Suppose -x + 4*x - 67 = 4*t, -h*x + t = -55. Let p = x + 82. What is the units digit of p?
9
Suppose 712 = -3*n + 70. Let i = 528 + n. What is the units digit of i?
4
Let o be (-9)/6*(9 + -3). What is the tens digit of (12768/o)/(-7) - (-3)/9?
0
Suppose 198 = 2*u - 28. Suppose -14*l - 1119 = -181. Let g = l + u. What is the units digit of g?
6
Let d be 2*(18/4 - 3). Let j(k) = 180*k**d - 13 + 0 - 181*k**3 - 25*k**2 - 6*k. What is the units digit of j(-25)?
7
Let l = 359 - -531. Let o = l + -173. What is the tens digit of o?
1
Suppose 4*b - y = -794, -112 - 93 = b + 3*y. Let p be (0 - -341) + 76/342 + (-4)/18. Let c = p + b. What is the hundreds digit of c?
1
Let q = -55752 - -95132. What is the tens digit of q?
8
Suppose 3*h + 34*a - 29*a = 12034, 3*h + 3*a - 12042 = 0. What is the hundreds digit of h?
0
Let j(d) = 201*d**3 - 26*d**2 + 105*d - 8. What is the hundreds digit of j(6)?
1
Let o be (-2 - 25)/((-3)/2). Suppose 0 = -3*n + 3*u - 4290, u = 68 - 63. What is the tens digit of (-3)/o + (3 - n/18)?
8
Let l = 2832 + 1805. What is the units digit of l?
7
Let d(n) = -286*n. Suppose -5*g + 7 = -3*c, -4*c - c = -5*g + 15. What is the hundreds digit of d(g)?
2
Suppose -5*q + 145 = -2*b - 137, -b - 113 = -2*q. Suppose -12*f = -4672 - q. What is the units digit of f?
4
Let x = -2709 - -3885. Let o = -136 + x. What is the units digit of o?
0
Suppose 3*t + 32*n - 35*n = 34434, -4*t = 5*n - 45867. What is the units digit of t?
3
Let s(r) = 372*r**2 - 15*r - 562. What is the hundreds digit of s(-14)?
5
Let l = 12817 + 12686. What is the hundreds digit of l?
5
Let f = -11 + 13. Suppose -3*y + 4 = f*v, 4*v + 2*y = 2*v + 4. What is the tens digit of 3/((0 + v)/18)?
2
Suppose -j + 34870 = -11*j. Let s = 5140 + j. What is the thousands digit of s?
1
Suppose -37*k + 41*k - 2*n - 250264 = 0, -2*k + 10*n = -125150. What is the hundreds digit of k?
5
Let n be 161/35 - 3/5. Suppose 6 = n*h + 18. What is the units digit of 4900/60 + 2/h?
1
Suppose 5*t - 15826 = -2*o, -5678 - 662 = -2*t + 4*o. Let y = t + -1989. What is the units digit of y?
7
Suppose -174*v = -91*v - 86*v + 216918. What is the thousands digit of v?
2
Suppose -4*q - 1266 = -3*m, 2*q - q + 422 = m. What is the hundreds digit of m?
4
Suppose 9*u = 15*u - 18. Suppose 3*a - y = 92 + 1328, -a + 480 = u*y. Suppose -o - a = -4*o. What is the units digit of o?
8
Let w(b) = 13*b**3 + 4*b**2 + 4*b - 9. Let f be w(5). Let q = f - 322. What is the units digit of q?
4
Let s(f) = 36*f - 1. Let k(c) = 37*c + 2. Let d(u) = 5*k(u) - 4*s(u). What is the units digit of d(4)?
8
Let f = -1864 + 11567. What is the thousands digit of f?
9
What is the units digit of -6*(((-30)/(-8))/5 - (-8637)/(-12))?
4
Let j = 7 - 2. Suppose 0 = -j*h - h + 54. Suppose -286 - 155 = -h*p. What is the units digit of p?
9
Suppose 41751 = 2*q - 5*n, 4*q - 21082 = 2*n + 62380. What is the ten thousands digit of q?
2
Let q(h) = -h**3 - 7*h**2 - 9*h + 5. Let n be q(-5). Suppose 3*s - 4*b - 437 = 0, 4*s - 564 = -4*b - n*b. What is the hundreds digit of s?
1
Suppose -22*r = 9*r - 77190. What is the thousands digit of r?
2
Suppose 77*g - 77617 = 325609 + 33595. What is the units digit of g?
3
Suppose -3*m - h = m - 6220, -4*m + 6228 = -h. What is the tens digit of m?
5
Let c(f) = 120*f**3 - f**2 - 21*f - 22. Let p be c(9). Suppose q = -70*q + p. What is the thousands digit of q?
1
Let w be 1/2*(-2 - -52). Suppose 13*r = 19*r - 246. Suppose b = w + r. What is the tens digit of b?
6
Suppose 3*n - 18157 = -4*o, 0*n + 4522 = o - 5*n. Suppose 5*i + 932 = o. What is the units digit of i?
1
Suppose 1898 = -13*a - 1599. Let m = a - -359. What is the units digit of m?
0
Suppose 121*c - 111*c - 71610 = 0. What is the tens digit of c?
6
Let h = 67093 - 32838. Suppose -23*x = 8*x - h. What is the tens digit of x?
0
Let l = 522 + -518. Suppose -d = -l*d - 3, -3665 = -2*s - 5*d. What is the units digit of s?
5
Suppose -1500 = 21*w - 15*w. Let x = -25 - w. What is the tens digit of x?
2
Let b = -29878 + 63392. What is the hundreds digit of b?
5
Let j(d) = d**3 + 11*d**2 + 2*d + 20. Suppose o = -108 + 97. Let g be j(o). What is the units digit of (g - (-1)/(-1))*(-950)/57?
0
Let k(o) = o**3 + 0*o**3 - 3 - 4 - 26*o**2 - 3*o + 28 + 0*o**3. What is the hundreds digit of k(27)?
6
Let x(q) = 13*q**2 + 14*q - 23. Let m be x(-7). Let a = m + -33. What is the units digit of a?
3
What is the units digit of (-535775)/(-125) - (-6)/(-5)?
5
What is the tens digit of 6490/(-33)*(-15)/10?
9
Let m(u) = 373*u**3 + 3*u**2 - 3*u - 1. What is the units digit of m(1)?
2
What is the units digit of (3 - -1) + (-312186)/(-14)?
3
Let y(t) = 14*t - 49. Let f = -219 + 238. What is the hundreds digit of y(f)?
2
Suppose -12*k - 9000 = -h - 13*k, 0 = 3*k + 3. What is the tens digit of h?
0
Let o(p) be the second derivative of -3*p**3/2 - 7*p**2 - p. Let l be 10*(-1)/14*11*(-105)/(-165). What is the units digit of o(l)?
1
Suppose -27*q + 139665 = -360591. What is the ten thousands digit of q?
1
Suppose 110*y - 2703987 = 753643. What is the ten thousands digit of y?
3
Let v(d) = 2*d**3 + 4*d. Let a be v(4). Suppose 3*t - 5*z - a = 226, 16 = 4*z. Suppose 422 - t = f. What is the tens digit of f?
9
Let z(w) = -w + 2. Let n be z(-9). Let h = n + 24. Suppose -6*m = -11*m + h. What is the units digit of m?
7
Let s(b) = 241*b**3 - 2*b + 1. Let m be 16/4 - (6 - 3). Let l be s(m). Suppose -2*x = 2*y - l, -y + 2*y = 4*x - 455. What is the hundreds digit of x?
1
Let r(w) = -164*w + 24. Suppose 48*v - 36 = 60*v. What is the hundreds digit of r(v)?
5
Let h = 455 + -315. Let v be 2/6 + 76/6. Suppose 9*s + h = v*s. What is the tens digit of s?
3
Suppose -23 = -3*c - 4*g, 3*c + 5*g - 25 = 3*g. Suppose 274 = -7*z + c*z. What is the tens digit of z?
3
Suppose -6 - 28 = 34*j. Let t = -12 + -9. What is the tens digit of (-36)/8*(j + t) - 3?
9
What is the tens digit of (-3 + (0 - 785))*(-75)/10?
1
Let h = 431 - -228. Let w = 1735 - h. What is the thousands digit of w?
1
What is the hundreds digit of 1480/(-444) + 5938/3?
9
Suppose s + 1 = 6*f - 3*f, -5*s = -3*f - 19. Suppose -r - 2783 = -s*a, 2789 = 5*a - 3*r - 0*r. What is the units digit of a?
6
Let s = 9 + 0. Suppose 7*v - s = 4*v. Suppose -2*n = x - 26, 67 - 25 = 3*x - v*n. What is the units digit of x?
8
Let o(z) = -4 - 125*z**2 + 6*z**3 + 5*z - 4 + 112*z**2 + 4. What is the tens digit of o(5)?
4
Let n be 11 - (-2)/6*-27. Suppose -z + 6*z - 5024 = -n*o, 0 = z + 5*o - 991. What is the thousands digit of z?
1
Let n = -104157 - -178540. What is the units digit of n?
3
Suppose -d = 7*d - 272. Suppose -2*i - d = -3*s, -4*i = -3*s + 2*s - 2. Suppose -s*g = -8*g - 546. What is the units digit of g?
1
Suppose 3*q - 5*h + 3 + 3 = 0, -2*h - 6 = 0. Let p(z) = z**2 + 7*z - 1. Let x be p(q). What is the tens digit of (-75)/6*2*x?
2
Let q = 566 - 326. Let s be (-2080)/(-240)*3/2. Suppose -s*h + 8*h = -q. What is the tens digit of h?
4
Let k = 44 - 42. Suppose p + k*q - 4 = -p, -2*q - 20 = -4*p. Suppose 15*c - 55 = p*c. What is the units digit of c?
5
Let t = 33 - 60. Let l be t/(-2)*(-12)/(-9). Suppose -l*x + 512 = -14*x. What is the units digit of x?
8
Let d(h) = 276*h**2 + 12*h - 33. What is the hundreds digit of d(2)?
0
Suppose 0 = 2*i - 21 + 11. Suppose -1962 = -i*w + 2*h, -2*w + 2*h + 0*h + 786 = 0. Suppose -c + 2*z = -136, -w = -3*c - 0*z + 2*z. What is the te